{"id":3339,"date":"2023-09-13T15:25:49","date_gmt":"2023-09-13T13:25:49","guid":{"rendered":"https:\/\/campingdujard.fr\/alentours\/puy-du-fou\/"},"modified":"2023-09-13T15:25:49","modified_gmt":"2023-09-13T13:25:49","slug":"puy-du-fou","status":"publish","type":"alentours","link":"https:\/\/campingdujard.fr\/de\/alentours\/puy-du-fou\/","title":{"rendered":"Puy du Fou"},"content":{"rendered":"\n<div class=\"is-layout-constrained wp-block-group alignfull J-00\">\n<figure class=\"is-layout-flex wp-block-gallery-1 wp-block-gallery has-nested-images columns-1 is-cropped fc-diapo fc-auto\">\n<figure class=\"wp-block-image size-full fc-auto\"><img decoding=\"async\" width=\"1920\" height=\"1080\" src=\"https:\/\/campingdujard.fr\/wp-content\/uploads\/2023\/08\/R5_1022-1.jpg\" alt=\"\" class=\"wp-image-211\" srcset=\"https:\/\/campingdujard.fr\/wp-content\/uploads\/2023\/08\/R5_1022-1.jpg 1920w, https:\/\/campingdujard.fr\/wp-content\/uploads\/2023\/08\/R5_1022-1-300x169.jpg 300w, https:\/\/campingdujard.fr\/wp-content\/uploads\/2023\/08\/R5_1022-1-1024x576.jpg 1024w, https:\/\/campingdujard.fr\/wp-content\/uploads\/2023\/08\/R5_1022-1-768x432.jpg 768w, https:\/\/campingdujard.fr\/wp-content\/uploads\/2023\/08\/R5_1022-1-1536x864.jpg 1536w\" sizes=\"(max-width: 1920px) 100vw, 1920px\" \/><\/figure>\n\n\n<figure class=\"wp-block-image size-full fc-auto\"><img decoding=\"async\" width=\"1920\" height=\"1080\" src=\"https:\/\/campingdujard.fr\/wp-content\/uploads\/2023\/08\/R5_0760-1.jpg\" alt=\"\" class=\"wp-image-207\" srcset=\"https:\/\/campingdujard.fr\/wp-content\/uploads\/2023\/08\/R5_0760-1.jpg 1920w, https:\/\/campingdujard.fr\/wp-content\/uploads\/2023\/08\/R5_0760-1-300x169.jpg 300w, https:\/\/campingdujard.fr\/wp-content\/uploads\/2023\/08\/R5_0760-1-1024x576.jpg 1024w, https:\/\/campingdujard.fr\/wp-content\/uploads\/2023\/08\/R5_0760-1-768x432.jpg 768w, https:\/\/campingdujard.fr\/wp-content\/uploads\/2023\/08\/R5_0760-1-1536x864.jpg 1536w\" sizes=\"(max-width: 1920px) 100vw, 1920px\" \/><\/figure>\n\n\n<figure class=\"wp-block-image size-full fc-auto\"><img decoding=\"async\" width=\"1920\" height=\"1080\" src=\"https:\/\/campingdujard.fr\/wp-content\/uploads\/2023\/08\/R5_9477-3.jpg\" alt=\"\" class=\"wp-image-203\" srcset=\"https:\/\/campingdujard.fr\/wp-content\/uploads\/2023\/08\/R5_9477-3.jpg 1920w, https:\/\/campingdujard.fr\/wp-content\/uploads\/2023\/08\/R5_9477-3-300x169.jpg 300w, https:\/\/campingdujard.fr\/wp-content\/uploads\/2023\/08\/R5_9477-3-1024x576.jpg 1024w, https:\/\/campingdujard.fr\/wp-content\/uploads\/2023\/08\/R5_9477-3-768x432.jpg 768w, https:\/\/campingdujard.fr\/wp-content\/uploads\/2023\/08\/R5_9477-3-1536x864.jpg 1536w\" sizes=\"(max-width: 1920px) 100vw, 1920px\" \/><\/figure><\/figure>\n\n\n\n<p class=\"has-text-align-center\"><strong>Tourismus rund um Le Jard<\/strong> sportliche Aktivit\u00e4ten, kulturelles Erbe, Sehensw\u00fcrdigkeiten&#8230;<\/p>\n<\/div>\n\n<div class=\"is-layout-flex wp-container-6 wp-block-columns\">\n<div class=\"is-layout-flow wp-block-column is-vertically-aligned-center\">\n<h1 class=\"h1 has-marron-color has-text-color\">Puy du Fou<\/h1>\n\n\n\n<p>Puy du Fou (Les Epesses), der gr\u00f6\u00dfte Vergn\u00fcgungspark der Welt, der mehrfach zum besten Park der Welt gew\u00e4hlt wurde!<\/p>\n\n\n\n<p>Dieser Themenpark in der Vend\u00e9e bietet Ihnen eine Vielzahl grandioser Shows, die Geschichte und Abenteuer einschlie\u00dfen, zur Freude von Gro\u00df und Klein. Pr\u00e4senz zahlreicher Tiere verschiedener Arten wie Raubv\u00f6gel, Tiere des antiken Zirkus (L\u00f6wen, Tiger, Dromedare, Strau\u00dfe&#8230;), Pferderennen.<\/p>\n\n\n\n<p>Der gro\u00dfe Park von Puy du Fou, ein Spektakel, das man um nichts in der Welt verpassen darf!!!<\/p>\n\n\n\n<div class=\"is-layout-flex wp-block-buttons\">\n<div class=\"wp-block-button fc-style-1\"><a class=\"wp-block-button__link wp-element-button\" href=\"https:\/\/campingdujard.fr\/de\/umgebung\/\"><span class=\"fc-icon\" style=\"width:30px; height:30px\"><svg xmlns=\"http:\/\/www.w3.org\/2000\/svg\" viewBox=\"0 0 448 512\"><!--! Font Awesome Pro 6.4.0 by @fontawesome - https:\/\/fontawesome.com License - https:\/\/fontawesome.com\/license (Commercial License) Copyright 2023 Fonticons, Inc. --><path d=\"M4.7 244.7c-6.2 6.2-6.2 16.4 0 22.6l176 176c6.2 6.2 16.4 6.2 22.6 0s6.2-16.4 0-22.6L54.6 272 432 272c8.8 0 16-7.2 16-16s-7.2-16-16-16L54.6 240 203.3 91.3c6.2-6.2 6.2-16.4 0-22.6s-16.4-6.2-22.6 0l-176 176z\"\/><\/svg><\/span>  Zur\u00fcck<\/a><\/div>\n<\/div>\n<\/div>\n<\/div>\n","protected":false},"template":"","meta":[],"acf":[],"_links":{"self":[{"href":"https:\/\/campingdujard.fr\/de\/wp-json\/wp\/v2\/alentours\/3339"}],"collection":[{"href":"https:\/\/campingdujard.fr\/de\/wp-json\/wp\/v2\/alentours"}],"about":[{"href":"https:\/\/campingdujard.fr\/de\/wp-json\/wp\/v2\/types\/alentours"}],"wp:attachment":[{"href":"https:\/\/campingdujard.fr\/de\/wp-json\/wp\/v2\/media?parent=3339"}],"curies":[{"name":"wp","href":"https:\/\/api.w.org\/{rel}","templated":true}]}}

<div class="is-layout-constrained wp-block-group alignfull J-00">
<figure class="is-layout-flex wp-block-gallery-1 wp-block-gallery has-nested-images columns-1 is-cropped fc-diapo fc-auto">
<figure class="wp-block-image size-full fc-auto"><img decoding="async" width="1920" height="1080" src="https://campingdujard.fr/wp-content/uploads/2023/08/R5_1022-1.jpg" alt="" class="wp-image-211" srcset="https://campingdujard.fr/wp-content/uploads/2023/08/R5_1022-1.jpg 1920w, https://campingdujard.fr/wp-content/uploads/2023/08/R5_1022-1-300x169.jpg 300w, https://campingdujard.fr/wp-content/uploads/2023/08/R5_1022-1-1024x576.jpg 1024w, https://campingdujard.fr/wp-content/uploads/2023/08/R5_1022-1-768x432.jpg 768w, https://campingdujard.fr/wp-content/uploads/2023/08/R5_1022-1-1536x864.jpg 1536w" sizes="(max-width: 1920px) 100vw, 1920px" /></figure>


<figure class="wp-block-image size-full fc-auto"><img decoding="async" width="1920" height="1080" src="https://campingdujard.fr/wp-content/uploads/2023/08/R5_0760-1.jpg" alt="" class="wp-image-207" srcset="https://campingdujard.fr/wp-content/uploads/2023/08/R5_0760-1.jpg 1920w, https://campingdujard.fr/wp-content/uploads/2023/08/R5_0760-1-300x169.jpg 300w, https://campingdujard.fr/wp-content/uploads/2023/08/R5_0760-1-1024x576.jpg 1024w, https://campingdujard.fr/wp-content/uploads/2023/08/R5_0760-1-768x432.jpg 768w, https://campingdujard.fr/wp-content/uploads/2023/08/R5_0760-1-1536x864.jpg 1536w" sizes="(max-width: 1920px) 100vw, 1920px" /></figure>


<figure class="wp-block-image size-full fc-auto"><img decoding="async" width="1920" height="1080" src="https://campingdujard.fr/wp-content/uploads/2023/08/R5_9477-3.jpg" alt="" class="wp-image-203" srcset="https://campingdujard.fr/wp-content/uploads/2023/08/R5_9477-3.jpg 1920w, https://campingdujard.fr/wp-content/uploads/2023/08/R5_9477-3-300x169.jpg 300w, https://campingdujard.fr/wp-content/uploads/2023/08/R5_9477-3-1024x576.jpg 1024w, https://campingdujard.fr/wp-content/uploads/2023/08/R5_9477-3-768x432.jpg 768w, https://campingdujard.fr/wp-content/uploads/2023/08/R5_9477-3-1536x864.jpg 1536w" sizes="(max-width: 1920px) 100vw, 1920px" /></figure></figure>



<p class="has-text-align-center"><strong>Tourismus rund um Le Jard</strong> sportliche Aktivitäten, kulturelles Erbe, Sehenswürdigkeiten&#8230;</p>
</div>

<div class="is-layout-flex wp-container-6 wp-block-columns">
<div class="is-layout-flow wp-block-column is-vertically-aligned-center">
<h1 class="h1 has-marron-color has-text-color">Puy du Fou</h1>



<p>Puy du Fou (Les Epesses), der größte Vergnügungspark der Welt, der mehrfach zum besten Park der Welt gewählt wurde!</p>



<p>Dieser Themenpark in der Vendée bietet Ihnen eine Vielzahl grandioser Shows, die Geschichte und Abenteuer einschließen, zur Freude von Groß und Klein. Präsenz zahlreicher Tiere verschiedener Arten wie Raubvögel, Tiere des antiken Zirkus (Löwen, Tiger, Dromedare, Strauße&#8230;), Pferderennen.</p>



<p>Der große Park von Puy du Fou, ein Spektakel, das man um nichts in der Welt verpassen darf!!!</p>



<div class="is-layout-flex wp-block-buttons">
<div class="wp-block-button fc-style-1"><a class="wp-block-button__link wp-element-button" href="https://campingdujard.fr/de/umgebung/"><span class="fc-icon" style="width:30px; height:30px"><svg xmlns="http://www.w3.org/2000/svg" viewBox="0 0 448 512"><!--! Font Awesome Pro 6.4.0 by @fontawesome - https://fontawesome.com License - https://fontawesome.com/license (Commercial License) Copyright 2023 Fonticons, Inc. --><path d="M4.7 244.7c-6.2 6.2-6.2 16.4 0 22.6l176 176c6.2 6.2 16.4 6.2 22.6 0s6.2-16.4 0-22.6L54.6 272 432 272c8.8 0 16-7.2 16-16s-7.2-16-16-16L54.6 240 203.3 91.3c6.2-6.2 6.2-16.4 0-22.6s-16.4-6.2-22.6 0l-176 176z"/></svg></span>  Zurück</a></div>
</div>
</div>
</div>
